{"id":111,"date":"2011-12-27T15:21:58","date_gmt":"2011-12-27T15:21:58","guid":{"rendered":"http:\/\/www.aiasport.it\/?page_id=111"},"modified":"2024-02-10T15:49:20","modified_gmt":"2024-02-10T15:49:20","slug":"un-po-di-storia","status":"publish","type":"page","link":"https:\/\/www.aiasport.it\/index.php\/un-po-di-storia\/","title":{"rendered":"Un po di storia&#8230;"},"content":{"rendered":"<h3><img loading=\"lazy\" decoding=\"async\" class=\"wp-image-481 alignleft\" style=\"margin-left: 10px; margin-right: 10px;\" title=\"Foto gruppoRITAGLIOjpg\" src=\"http:\/\/www.aiasport.it\/wp-content\/uploads\/2011\/12\/Foto-gruppoRITAGLIOjpg.jpg\" alt=\"\" width=\"200\" height=\"200\" srcset=\"https:\/\/www.aiasport.it\/wp-content\/uploads\/2011\/12\/Foto-gruppoRITAGLIOjpg.jpg 531w, https:\/\/www.aiasport.it\/wp-content\/uploads\/2011\/12\/Foto-gruppoRITAGLIOjpg-500x500.jpg 500w, https:\/\/www.aiasport.it\/wp-content\/uploads\/2011\/12\/Foto-gruppoRITAGLIOjpg-100x100.jpg 100w, https:\/\/www.aiasport.it\/wp-content\/uploads\/2011\/12\/Foto-gruppoRITAGLIOjpg-150x150.jpg 150w\" sizes=\"(max-width: 200px) 100vw, 200px\" \/><\/h3>\n<p>L\u2019AIASPORT nasce come <strong>associazione sportiva nel 1996<\/strong>, ma gi\u00e0 dal <strong>1979<\/strong> iniziava ad operare come settore sportivo all\u2019interno dell\u2019A.I.A.S. (Associazione Italiana Assistenza Spastici) di Bologna, proponendo un\u2019attivit\u00e0 equestre per persone disabili.<\/p>\n<p>I primi passi di allora erano decisamente sperimentali e a volte incerti, ma\u00a0dopo diversi anni l\u2019esperienza maturata, la conoscenza dei bisogni delle persone disabili, l\u2019approfondimento nell\u2019uso dello \u201cstrumento\u201d cavallo, hanno indotto gli operatori a\u00a0delineare\u00a0meglio\u00a0gli obiettivi e la direzione che l\u2019attivit\u00e0 equestre poteva \u00a0offrire.<\/p>\n<h3><img loading=\"lazy\" decoding=\"async\" class=\"wp-image-482 alignright\" style=\"margin-left: 10px; margin-right: 10px;\" src=\"http:\/\/www.aiasport.it\/wp-content\/uploads\/2011\/12\/ritaglio-gruppo-sprtivojpg.jpg\" alt=\"\" width=\"200\" height=\"200\" srcset=\"https:\/\/www.aiasport.it\/wp-content\/uploads\/2011\/12\/ritaglio-gruppo-sprtivojpg.jpg 526w, https:\/\/www.aiasport.it\/wp-content\/uploads\/2011\/12\/ritaglio-gruppo-sprtivojpg-500x499.jpg 500w, https:\/\/www.aiasport.it\/wp-content\/uploads\/2011\/12\/ritaglio-gruppo-sprtivojpg-100x100.jpg 100w, https:\/\/www.aiasport.it\/wp-content\/uploads\/2011\/12\/ritaglio-gruppo-sprtivojpg-150x150.jpg 150w\" sizes=\"(max-width: 200px) 100vw, 200px\" \/><\/h3>\n<p>Le proposte che via via sono state fatte ai cavalieri disabili andavano sempre pi\u00f9 nella direzione di un\u2019attivit\u00e0 ludico-sportiva (senza comunque dimenticare l\u2019aspetto riabilitativo ed educativo, di fondamentale importanza), fino a decidere di costituire un\u2019associazione sportiva autonoma (il 30 gennaio <strong>1996<\/strong>) che si occupasse appunto esclusivamente di attivit\u00e0 equestre, rivolgendosi a persone disabili e\/o in situazione di svantaggio sociale.<\/p>\n<p>Dagli anni <strong>\u201990<\/strong> si \u00e8 lavorato affinch\u00e9 un gruppo di atleti potesse partecipare a concorsi ippici riservati a cavalieri disabili, iniziando un lavoro di tecnica equestre di base.<\/p>\n<p>I primi concorsi sociali ci hanno visto inesperti, ma da allora con passione, col passare del tempo e degli allenamenti, sono stati\u00a0\u00a0fatti enormi passi avanti e il livello si \u00e8 notevolmente alzato. Nel <strong>1997<\/strong> eravamo pronti a fare un\u2019ulteriore passo in avanti, iscrivendoci con un piccolo gruppo di atleti alla Federazione Italiana Sport Disabili (FISD).<\/p>\n<h3><img loading=\"lazy\" decoding=\"async\" class=\"wp-image-483 alignleft\" style=\"margin-left: 10px; margin-right: 10px;\" src=\"http:\/\/www.aiasport.it\/wp-content\/uploads\/2011\/12\/Concorso-nazionale.RITAGLIOjpg.jpg\" alt=\"\" width=\"200\" height=\"200\" srcset=\"https:\/\/www.aiasport.it\/wp-content\/uploads\/2011\/12\/Concorso-nazionale.RITAGLIOjpg.jpg 533w, https:\/\/www.aiasport.it\/wp-content\/uploads\/2011\/12\/Concorso-nazionale.RITAGLIOjpg-500x500.jpg 500w, https:\/\/www.aiasport.it\/wp-content\/uploads\/2011\/12\/Concorso-nazionale.RITAGLIOjpg-100x100.jpg 100w, https:\/\/www.aiasport.it\/wp-content\/uploads\/2011\/12\/Concorso-nazionale.RITAGLIOjpg-150x150.jpg 150w\" sizes=\"(max-width: 200px) 100vw, 200px\" \/><\/h3>\n<p>Nel gennaio <strong>2002<\/strong> il Consiglio Direttivo dell\u2019AIASPORT, vedendo che l\u2019Associazione rispondeva a tutti i requisiti richiesti per le O.N.L.U.S., ha deliberato di modificare il proprio statuto e la forma giuridica, costituendosi come Associazione Sportiva Dilettantistica O.N.L.U.S. presso l\u2019Agenzia delle Entrate della Regione Emilia Romagna.<\/p>\n<h3><\/h3>\n<h3><img loading=\"lazy\" decoding=\"async\" class=\"wp-image-484 alignright\" style=\"margin-left: 10px; margin-right: 10px;\" src=\"http:\/\/www.aiasport.it\/wp-content\/uploads\/2011\/12\/special-olyimpcs.jpg\" alt=\"\" width=\"200\" height=\"200\" srcset=\"https:\/\/www.aiasport.it\/wp-content\/uploads\/2011\/12\/special-olyimpcs.jpg 529w, https:\/\/www.aiasport.it\/wp-content\/uploads\/2011\/12\/special-olyimpcs-500x500.jpg 500w, https:\/\/www.aiasport.it\/wp-content\/uploads\/2011\/12\/special-olyimpcs-100x100.jpg 100w, https:\/\/www.aiasport.it\/wp-content\/uploads\/2011\/12\/special-olyimpcs-150x150.jpg 150w\" sizes=\"(max-width: 200px) 100vw, 200px\" \/><\/h3>\n<p>A settembre 2022 l\u2019Associazione Sportiva Dilettantistica AIASPORT entra nel RUNTS in qualit\u00e0 di Associazione di Promozione Sociale (APS) offrendo un servizio settimanale di attivit\u00e0 equestre per circa 150 persone con disabilit\u00e0 di tutta la provincia di Bologna. Gli istruttori che collaborano con l\u2019associazione sono 13; conta inoltre del prezioso aiuto di oltre 30 volontari.<\/p>\n<p>Il gruppo sportivo \u00e8 attualmente composto da 15 atleti disabili che gareggiano in tutta Italia anche all\u2019estero; nel <strong>2008<\/strong> una delegazione di sei atleti AIASPORT ha partecipato ai Campionati Nazionali di equitazione per disabili promossi dal C.I.P. (Comitato Italiano Paralimpico), facendo guadagnare all\u2019ASD AIASPORT APS\u00a0il primo posto in classifica; infine una nostra atleta, Silvia Veratti, ha partecipato alle Paralimpiadi di Pechino <strong>2008<\/strong> ottenendo un 5\u00b0 ed un 6\u00b0 posto nella disciplina di dressage.<\/p>\n","protected":false},"excerpt":{"rendered":"<p>L\u2019AIASPORT nasce come associazione sportiva nel 1996, ma gi\u00e0 dal 1979 iniziava ad operare come settore sportivo all\u2019interno dell\u2019A.I.A.S. (Associazione Italiana Assistenza Spastici) di Bologna, proponendo un\u2019attivit\u00e0 equestre per persone disabili. I primi passi di allora erano decisamente sperimentali e a volte incerti, ma\u00a0dopo diversi anni l\u2019esperienza maturata, la conoscenza dei bisogni delle persone disabili, &hellip; <\/p>\n<p><a class=\"more-link btn\" href=\"https:\/\/www.aiasport.it\/index.php\/un-po-di-storia\/\">Continua a leggere<\/a><\/p>\n","protected":false},"author":1,"featured_media":479,"parent":0,"menu_order":0,"comment_status":"open","ping_status":"open","template":"","meta":{"footnotes":""},"_links":{"self":[{"href":"https:\/\/www.aiasport.it\/index.php\/wp-json\/wp\/v2\/pages\/111"}],"collection":[{"href":"https:\/\/www.aiasport.it\/index.php\/wp-json\/wp\/v2\/pages"}],"about":[{"href":"https:\/\/www.aiasport.it\/index.php\/wp-json\/wp\/v2\/types\/page"}],"author":[{"embeddable":true,"href":"https:\/\/www.aiasport.it\/index.php\/wp-json\/wp\/v2\/users\/1"}],"replies":[{"embeddable":true,"href":"https:\/\/www.aiasport.it\/index.php\/wp-json\/wp\/v2\/comments?post=111"}],"version-history":[{"count":14,"href":"https:\/\/www.aiasport.it\/index.php\/wp-json\/wp\/v2\/pages\/111\/revisions"}],"predecessor-version":[{"id":6164,"href":"https:\/\/www.aiasport.it\/index.php\/wp-json\/wp\/v2\/pages\/111\/revisions\/6164"}],"wp:featuredmedia":[{"embeddable":true,"href":"https:\/\/www.aiasport.it\/index.php\/wp-json\/wp\/v2\/media\/479"}],"wp:attachment":[{"href":"https:\/\/www.aiasport.it\/index.php\/wp-json\/wp\/v2\/media?parent=111"}],"curies":[{"name":"wp","href":"https:\/\/api.w.org\/{rel}","templated":true}]}}